t q be g(-8). Let a(k) = -332*k**3 + 2*k**2 - 1. Let h be a(-1). Suppose -d + 0*o + 111 = -o, 4*o = -q*d + h. Is d a prime number?
False
Suppose -5*b - z = -104429, -5*b + 53593 + 50820 = -3*z. Is b a prime number?
False
Let d(j) = -j**2 - 20*j - 13. Let z be d(-19). Suppose z*a - 27016 = -2*a. Suppose -u = 10*u - a. Is u a prime number?
True
Let o be -228 + 1*(-2 + 1). Let x = -452 - -516. Let v = x - o. Is v prime?
True
Suppose 64*g - 51*g = 4979. Suppose 3*h - 1767 = 5*l, -2*h + 5*l - g = -1561. Is h prime?
False
Suppose 10*o = 3*i + 718228 + 19270, -3*o + 221269 = 4*i. Is o a prime number?
True
Let u(b) = 9*b**2 - 100*b + 888. Is u(29) composite?
False
Suppose -4*x + 38 = -2*v, 9*v - 4*v = 3*x - 46. Suppose b + x*b - 56008 = 0. Is b composite?
False
Suppose 866 - 54632 = 6*k. Let m = -4114 - k. Is m a composite number?
True
Suppose -5*o + 49530 = -5*d - 122295, -5*o - 5*d + 171785 = 0. Is o a prime number?
True
Let r(o) = 2*o**2 - 5*o + 4. Let c be r(2). Suppose k - 4*b - 207 = 0, 3*k + 2*b = -c*b + 637. Is k a composite number?
False
Suppose -44*c + 55*c = 418. Let s = 762 + -444. Suppose c + 35 = t - 2*u, 5*u - s = -4*t. Is t a prime number?
False
Is 0/1 + (-22 + -256245)*-1 a prime number?
False
Let b(o) = 4273*o + 1857. Is b(22) composite?
True
Suppose 0 = -42*g - 199800 + 842610. Is g a composite number?
True
Let c be 14/21 + 86/6*1. Let u(l) = 2*l**3 - 9*l**2 + 17*l - 15. Let g be u(c). Suppose -12*k + 7*k = -g. Is k a composite number?
True
Suppose 4*l = -1 + 53. Let n(y) = 20*y + 15. Let r be n(l). Suppose 68 = -2*p - 2*a + 348, -2*p + 3*a = -r. Is p composite?
False
Let l(m) = 13*m**2 + 9*m - 1. Let o be 92/(-20) + 5 + (-334)/10. Let q be 2*(-5)/(-30)*o. Is l(q) composite?
True
Suppose -1724821 = 11*s - 16*s + 2*z, 0 = 5*s + 2*z - 1724829. Is s prime?
False
Let c(k) = -500*k + 7. Let l be c(-5). Suppose -19*g = -44*g. Suppose 4*w - 1713 - l = g. Is w a composite number?
True
Suppose 87*f - 88*f + 80653 = 0. Is f a prime number?
False
Let j(v) = 712*v - 1. Let h be j(2). Let l = 1597 + 120. Suppose l + h = 10*z. Is z composite?
True
Suppose -18*r + 4 = -20*r, 112608 = 2*c - 5*r. Is c prime?
True
Suppose -h + 12431 = 4*n, -5*n + h - 6*h + 15520 = 0. Is n prime?
True
Let p = 10672 - -13899. Is p composite?
False
Suppose -5*l + 29668 = -6327. Let x = 2882 + l. Is x a prime number?
False
Suppose -4*n + 181244 = 4*m, 2*n - 1107*m = -1111*m + 90630. Is n a composite number?
False
Let p = 1014 - -282253. Is p a prime number?
True
Let l = 21083 - -407388. Is l composite?
False
Let p(z) = -4*z**3 - 10*z**2 - 5*z - 3. Let w be p(-10). Let b = 4800 - w. Is b a prime number?
True
Let t(m) = 9105*m - 2230. Is t(7) prime?
False
Suppose -m + 2*d = -7, 5*m + 0*m = 3*d + 35. Let l be 2019/m - 12/(-21). Suppose l = -2*i + 1031. Is i a composite number?
True
Suppose 6*v - 34 + 22 = 0. Suppose 0 = v*y - 2, y = 3*f - f - 1393. Is f composite?
True
Suppose 0 = 2*f + 3*f + 5*b - 10, -2*b = -4*f + 14. Is -3*(-2 - 1145/f) a composite number?
False
Suppose z + 2*r + 6 = 0, -5*r = z + 2*z + 20. Is (z - -8) + 836 + 1/1 composite?
True
Let h(x) = -270*x - 19. Suppose 4*k + 3*i = 2*k + 9, 4*i - 20 = 0. Is h(k) a composite number?
True
Let x(s) = 8*s - 50. Let c be x(18). Suppose l - c = -20. Is l prime?
False
Suppose 626 + 340 = -7*o. Is (-107966)/(-22) + o/253 composite?
True
Let m = -113849 + 372202. Is m a prime number?
True
Suppose -100 = -24*v + 19*v. Suppose s = -3*u - 260 + 1602, -4*s = v. Is u + 0*(-5)/15 a composite number?
False
Let f = 129 - 126. Is 993 + f + (-16)/(-16) a prime number?
True
Suppose 804*d - 760*d = 2501092. Is d a composite number?
False
Suppose -30 = 3*b - 33, 12*a + 4*b - 6280648 = 0. Is a prime?
True
Suppose 5*b - 20991 = 2*b. Let r = b - 3862. Suppose -u - 4*m = 4*u - r, 2*m - 2514 = -4*u. Is u a composite number?
False
Is 1 + (20/5 + 9)*(-7 - -27761) prime?
True
Suppose 0 = 2*k + 71 + 77. Let w = -381 + 390. Let y = w - k. Is y composite?
False
Suppose 0 = -9*a + 4*a - 55. Let j(f) = f**3 - 8*f**2 - 11*f + 23. Let c be j(a). Let x = c - -4070. Is x composite?
True
Suppose 3*c - 11 = -38. Let z(o) = -10*o - 3. Let t(g) = -74*g + 64. Let u(r) = t(r) + 5*z(r). Is u(c) a prime number?
False
Suppose 3*z + 11*q - 12*q = 6, -2*q + 12 = 2*z. Suppose -w - 4*m + 16737 = 0, -2*w - z*w + 5*m = -83635. Is w a prime number?
True
Suppose -2077*f + 1776*f = -208619789. Is f composite?
False
Suppose 11*c = 8*c + 61857. Suppose -5*s - 4*n = -c, -5*s + 3*n = 8*n - 20615. Is s composite?
False
Let c(t) = -t**3 - 41*t**2 - 110. Let z be c(-41). Let h be 158 + -1 - (0 - 0). Let d = z + h. Is d composite?
False
Is 2/8 - (1 + (-3418995)/20) composite?
True
Suppose -88*r - 3786241 = -93*r + 4*v, 4*v - 1514502 = -2*r. Is r a composite number?
True
Let n(w) = w**3 + 24*w**2 + 36*w + 13. Let g be n(-17). Let y = 9373 - g. Is y prime?
True
Suppose -10956 = -422*q + 419*q. Is -68 - -65 - q*-1 a prime number?
False
Let o(b) = b**2 + 2480*b - 21. Let g(a) = a**2 + 2479*a - 21. Let k(x) = 3*g(x) - 2*o(x). Let m(z) be the first derivative of k(z). Is m(0) a prime number?
True
Let f be (5 + 0)*(9 + -10). Let l be (790/(-1))/f - -1. Let w = -85 + l. Is w a composite number?
True
Suppose -4*i + 6*k = 11*k + 45, 0 = 2*i - k + 5. Is (i - (-1 + -5))*(2777 - 0) prime?
True
Let a = -661 + 661. Suppose -5*s + 55120 = 5*j - 0*j, -s + 4*j + 11039 = a. Is s composite?
False
Suppose -1653*o = -1663*o + 122510. Is o composite?
False
Let y = -221 - -234. Let q = 727 - 476. Is (-15 + y)*2/(-4)*q prime?
True
Let d be (6/(-2) - -5) + 0. Suppose 76 = 4*r + d*b + 20, 2*r - 26 = -2*b. Is r composite?
True
Let q(x) be the third derivative of x**5/30 - 19*x**4/12 + 9*x**3/2 - 17*x**2. Let v be q(18). Is 813*(21/v - -3) a prime number?
False
Suppose 11 = a - o, 3*o + 1 = 4*a - 48. Suppose 12*g = a*g + 2*x - 49808, 0 = 2*g - 4*x - 24894. Is g prime?
True
Suppose s = b - 0*b - 1846, -5*s + 2*b - 9230 = 0. Let t = s - -4889. Is t composite?
True
Suppose 4*u = -3*x + 4538, -4*x + 0*x = 5*u - 6051. Let g = x + -603. Is g prime?
True
Is (-1*(59590 + -12))/(-2) composite?
False
Suppose 10*v = 12*v + 2. Let g = v - -3. Is (-2)/(5328/(-13270) - g/(-5)) a composite number?
False
Suppose -3*u + 21 = -2*u - 5*q, -q = -u + 1. Is (u/(-6))/((-82)/(-57933)) a composite number?
True
Suppose 35 = -7*o - 21. Let y be ((-1530)/(-136))/(6/o + 1). Suppose 42*a = y*a - 6153. Is a prime?
False
Suppose 9*n = 4*n - 10220. Let p = n - -6081. Is p prime?
False
Let i = 105 - 189. Let z = i + 88. Suppose 3*u - 102 = z*p - p, 0 = -2*u + p + 68. Is u composite?
True
Let t be -1 + 9 + 0 + 2 + -3. Suppose -12 = t*h - 13*h. Suppose h*j + 2*o - 425 = -3*j, j - 4*o - 107 = 0. Is j a prime number?
False
Suppose -17*d = -4 + 106. Is (-42)/d + -5 + 2841 composite?
False
Suppose -2*v + 5*v + 21579 = 0. Let g = v + 20238. Is g composite?
True
Let m be ((-27)/6)/(3/(0 - 6)). Suppose m = -4*s - y + 28, -14 = -2*s - 2*y. Is (1227/(-6))/((-2)/s*1) prime?
True
Suppose 24*k - 21*k - 114 = 0. Is (-10)/(-95) - ((-361490)/k + -4) a composite number?
True
Let t(i) = -327*i + 51. Let x(w) = -326*w + 50. Let o(l) = -3*t(l) + 4*x(l). Is o(-8) composite?
True
Suppose 4*f = a - 4, -3*a + f - 10 = -0*f. Let u be (a/(-10))/(12/60). Suppose i - 2*x = 3*x + 471, -3*x + 994 = u*i. Is i a prime number?
True
Let g(c) = 9*c**2 - 1726*c**3 - 5*c - 4*c**2 + 12*c + 2 + 593*c**3. Is g(-1) a composite number?
True
Let p(z) = 9 + 68*z + z**2 - 61*z + 0. Let h be p(-6). Is h - (-122 - -1) - 2 prime?
False
Let m be 0/(0/(-4) - -1 - -1). Let c(w) = -w**2 + 2*w + 101. Let t be c(m). Let a = 240 - t. Is a composite?
False
Suppose 4*x - 353 = -u, -5*x = u - 161 - 281. Suppose 83*j + 10242 = x*j. Is j a prime number?
False
Let p(g) = 2161*g + 195. Let z be p(9). Suppose -200*r + 194*r + z = 0. Is r a prime number?
False
Let p be 7042 + 6 + -9 + -7. Let x = p - 4105. Is x a prime number?
True
Suppose -11920 = -3*s - 0*s - 4*r, 8 = 2*r. Suppose 2002 = 2*x - 3*t + 8*t, -t + s = 4*x. Is x a prime number?
True
Let k(y) = -9407*y**3 - 2*y**2 - 13*y - 11. Let w be k(-1). Suppose 5*x - w = 7388. Is x prime?
True
Let g be (-3 - -9) + -2 - -1. Let y be -3145*(3/g*1 - 1). Suppose y - 109 = 3*j. Is j prime?
True
Suppose -6658*c + 6643*c + 15934095 = 0. Is c a composite